357 composite?
False
Is 3844181 a composite number?
True
Is 7855039 a prime number?
False
Is 18890581 a composite number?
False
Is 23932781 a composite number?
False
Is 254681 prime?
False
Is 14966389 composite?
True
Is 204372109 a composite number?
False
Is 134490931 prime?
False
Is 18687731 prime?
True
Is 35891023 a composite number?
True
Is 14636729 prime?
True
Is 2381629 prime?
True
Is 1318333 a composite number?
True
Is 463658617 a prime number?
True
Is 11932979 a composite number?
False
Is 446271949 composite?
True
Is 127343 composite?
False
Is 251864563 composite?
False
Is 844485491 a composite number?
False
Is 9222851 prime?
False
Is 115961 prime?
False
Is 366649 a composite number?
True
Is 6177763 prime?
True
Is 6121 composite?
False
Is 30743569 a composite number?
False
Is 301148597 composite?
True
Is 34511611 prime?
True
Is 37016002 a composite number?
True
Is 12284717 composite?
False
Is 9454651 a prime number?
True
Is 2960033 composite?
False
Is 145827499 a prime number?
True
Is 2399351 a composite number?
True
Is 22506247 prime?
True
Is 3828653 a prime number?
False
Is 61169 composite?
False
Is 12189233 a prime number?
False
Is 371899813 prime?
True
Is 18987839 a composite number?
True
Is 4032895 a prime number?
False
Is 235167299 a prime number?
False
Is 31320173 prime?
True
Is 193692431 a prime number?
True
Is 34942879 a prime number?
True
Is 1148819 composite?
True
Is 348965101 prime?
True
Is 8381267 a prime number?
True
Is 2967871 prime?
False
Is 80012347 prime?
True
Is 799055221 prime?
True
Is 150704597 a prime number?
False
Is 687811 prime?
False
Is 14431801 a composite number?
False
Is 55739777 composite?
False
Is 17900911 composite?
True
Is 209462827 composite?
True
Is 11207765 a composite number?
True
Is 99345733 prime?
False
Is 34512803 composite?
True
Is 170719601 composite?
True
Is 104229977 prime?
False
Is 65915123 composite?
True
Is 26929027 prime?
True
Is 1123841 a composite number?
False
Is 399799 a composite number?
True
Is 191413 a prime number?
True
Is 35872031 prime?
False
Is 678204013 a prime number?
False
Is 51504865 a composite number?
True
Is 13291 composite?
False
Is 11729297 prime?
True
Is 34186069 prime?
False
Is 233863639 a composite number?
False
Is 14122743 composite?
True
Is 537913 prime?
True
Is 1954679 prime?
True
Is 2109713 a composite number?
True
Is 8518621 a prime number?
False
Is 85128223 a prime number?
False
Is 11676619 a prime number?
True
Is 3634507 a composite number?
False
Is 2098637 a prime number?
False
Is 3047173 a prime number?
False
Is 7834349 prime?
False
Is 9120061 prime?
False
Is 4569089 prime?
False
Is 2900699 composite?
True
Is 1141541 a prime number?
True
Is 18249839 prime?
False
Is 664611 a prime number?
False
Is 16802881 a composite number?
False
Is 79641871 prime?
False
Is 783931 a prime number?
True
Is 2020157 a prime number?
False
Is 1504897 a prime number?
False
Is 3524057 composite?
True
Is 1499881 a prime number?
True
Is 364442977 composite?
False
Is 663329 a composite number?
True
Is 5926601 prime?
True
Is 21482119 a prime number?
False
Is 60331241 composite?
True
Is 311651 prime?
False
Is 3267893 composite?
True
Is 5662963 prime?
True
Is 124337573 prime?
True
Is 101430817 prime?
False
Is 639361 prime?
True
Is 50868659 prime?
False
Is 299786 prime?
False
Is 381828233 a prime number?
True
Is 24427853 composite?
False
Is 2629621 a prime number?
True
Is 18787889 a prime number?
False
Is 4747723 a composite number?
True
Is 2972483 composite?
False
Is 51156101 a prime number?
False
Is 21059557 a composite number?
False
Is 39017201 a prime number?
False
Is 55954091 a prime number?
True
Is 38151143 composite?
True
Is 61325261 prime?
True
Is 7251155 composite?
True
Is 21640495 prime?
False
Is 84740653 a composite number?
False
Is 107826581 composite?
True
Is 123911 prime?
True
Is 237167797 prime?
False
Is 2285059 prime?
False
Is 64898363 a composite number?
False
Is 3124571 a prime number?
True
Is 1319261 a prime number?
True
Is 136955771 composite?
False
Is 7581153 a composite number?
True
Is 495626689 a composite number?
True
Is 215563 a composite number?
False
Is 646565 composite?
True
Is 114073 prime?
True
Is 1870369 a composite number?
False
Is 3978997 a prime number?
False
Is 7650109 composite?
True
Is 621583 composite?
False
Is 30339911 composite?
True
Is 267553303 a composite number?
False
Is 3537223 a composite number?
True
Is 119245793 a prime number?
True
Is 22622659 composite?
True
Is 8635513 a composite number?
False
Is 18563239 composite?
False
Is 14972417 a composite number?
True
Is 3223309 a prime number?
True
Is 5139601 prime?
True
Is 975493 composite?
False
Is 118898149 prime?
True
Is 14618449 composite?
False
Is 6932285 a composite number?
True
Is 2675747 composite?
True
Is 40323 composite?
True
Is 30625081 composite?
False
Is 5323127 a prime number?
False
Is 34497821 a prime number?
False
Is 6178957 composite?
False
Is 510592427 a prime number?
True
Is 163825679 composite?
False
Is 1436849 a composite number?
False
Is 41375077 a prime number?
True
Is 2804549 a prime number?
False
Is 93364783 a composite number?
False
Is 9287791 composite?
True
Is 8310259 a prime number?
True
Is 391577 composite?
True
Is 2193339 a prime number?
False
Is 283699571 a prime number?
True
Is 29944693 prime?
True
Is 15289831 composite?
True
Is 87615227 prime?
False
Is 112228517 a composite number?
False
Is 12901309 a composite number?
True
Is 248168993 composite?
False
Is 20307083 a prime number?
False
Is 46101063 prime?
False
Is 155861227 prime?
True
Is 3367205 a composite number?
True
Is 10617029 composite?
True
Is 33530717 prime?
False
Is 4858489 composite?
True
Is 5509349 composite?
False
Is 9885553 a composite number?
True
Is 59969033 composite?
False
Is 7317943 a prime number?
True
Is 36141883 composite?
False
Is 2110391 prime?
True
Is 19076045 a composite number?
True
Is 1075259 prime?
True
Is 22745759 composite?
True
Is 59713771 a prime number?
False
Is 2540269 composite?
False
Is 49101671 prime?
False
Is 49453021 prime?
True
Is 87356441 a composite number?
False
Is 1212173 prime?
True
Is 8499059 composite?
True
Is 4681597 composite?
False
Is 6131297 a prime number?
True
Is 18587495 prime?
False
Is 65339 a composite number?
True
Is 3697809 a prime number?
False
Is 334553293 a prime number?
True
Is 4689983 a composite number?
True
Is 21903709 composite?
False
Is 1079269 composite?
False
Is 5571227 a prime number?
False
Is 1257307 a composite number?
False
Is 340044077 composite?
False
Is 37143047 composite?
False
Is 4569217 a composite number?
False
Is 1301057 composite?
False
Is 22024645 composite?
True
Is 69009673 a prime number?
True
Is 4020559 prime?
False
Is 351176911 a prime number?
True
Is 14430149 prime?
True
Is 116064733 a composite number?
True
Is 2287058 a prime number?
False
Is 47481227 prime?
False
Is 1743143 a prime number?
True
Is 13775857 prime?
True
Is 189850933 composite?
False
Is 342807163 prime?
False
Is 6206017 a prime number?
True
Is 83186869 composite?
True
Is 86188701 a composite number?
True
Is 131440249 a composite number?
False
Is 7651129 a composite number?
True
Is 22241269 a prime number?
True
Is 220265267 composite?
False
Is 77199631 composite?
False
Is 40324195 prime?
False
Is 51656667 a prime number?
False
Is 227422343 composite?
True
Is 93017683 a prime number?
False
Is 1919459 a prime number?
True
Is 6182221 prime?
True
Is 144918601 a composite number?
False
Is 824491 composite?
True
Is 383475767 composite?
False
Is 508199 a prime number?
False
Is 440962449 composite?
True
Is 225397961 prime?
False
Is 4164767 a composite number?
False
Is 163429411 composite?
True
Is 63679739 a prime number?
False
Is 278625239 a prime number?
True
Is 127913131 a prime number?
True
Is 2965681 prime?
True
Is 2129187 a composite number?
True
Is 313854209 a prime number?
False
Is 12602039 composite?
False
Is 5438567 prime?
False
Is 26922901 a composite number?
False
Is 7569449 a prime number?
True
Is 749821 a composite number?
True
Is 1550893 a composite number?
True
Is 4041443 prime?
False
Is 155851489 prime?
True
Is 72110353 prime?
False
Is 133652401 prime?
False
Is 28762457 composite?
False
Is 411399382 prime?
False
Is 208205 a composite number?
True
I